/12 - 5*o**3/6 + 16*o**2. Give i(6).
7
Let x be 2/1 - (-1 + 0). Let c(w) = w**3 - 9*w**2 + 7*w + 10. Let i be c(8). Let g(k) = -4 + x*k + 3*k - i*k. Determine g(4).
12
Let v(w) = 1. Let x(l) = l + 6. Let m(d) = 5*v(d) - x(d). Let n(s) = s - 3. Let q be n(3). Suppose q = k - 4*k + 6. Calculate m(k).
-3
Let i(s) = -s**2 + s + 8. Suppose -4 = -2*v, h - 2*v = 4*h - 22. Determine i(h).
-22
Let x(r) = r - 6. Suppose -7*g + z = -2*g + 5, 0 = 5*z - 25. Give x(g).
-6
Let v(p) = 5 + 26*p - 13*p - 16*p. Determine v(-5).
20
Let g(k) be the second derivative of -k**3/3 - k**2 - 4*k. Calculate g(3).
-8
Let c(a) be the third derivative of a**4/8 + a**3 - 5*a**2. Let d be 4/(-10) + 57/5. Let h = 7 - d. Determine c(h).
-6
Let c(v) be the second derivative of 1/6*v**3 + 1/2*v**2 + 0 + 3*v. Let f be (-1)/(-3) - 21/9. Give c(f).
-1
Let g = 51 - 50. Let t(q) = 9*q**2 + q. Determine t(g).
10
Let x be (-2)/(-4)*(2 + 0). Let j(t) = -4*t**3 + t**2 - t + 2. Let l(a) = 8*a**3 - a**2 + a - 3. Let b(c) = -5*j(c) - 3*l(c). Determine b(x).
-5
Let a(w) be the third derivative of -w**5/60 + w**4/8 - w**3/3 - 4*w**2. Give a(4).
-6
Let b(t) = -2*t**3 + 2*t**2 + t. Let p be (1/3)/((-1)/(-6)). Determine b(p).
-6
Let d(x) = -x**2 + 5*x - 3. Let z be (-24)/16 + (-1)/2. Let l be ((-6)/z)/((-18)/(-24)). What is d(l)?
1
Let y(h) = -4 - 6*h + 2*h**2 + 2 - h**2. Let z be y(7). Suppose -3*q + 11 = d, 0*q - z*d - 1 = q. Let x(w) = -w**3 + 5*w**2 - 5*w + 3. Calculate x(q).
-1
Let a be (-8)/12*(-3 + 0). Let w(v) = 3*v - a - 2 - 4*v. Let j(o) = -o**3 + 13*o**2 - 11*o - 16. Let c be j(12). Give w(c).
0
Let j = 0 + -7. Let g(c) = -c - 8. Determine g(j).
-1
Let w(q) be the third derivative of 0 - 1/24*q**4 - 1/6*q**3 - q**2 + 1/40*q**5 + 0*q. Let a(l) be the first derivative of w(l). Give a(-2).
-7
Let f(m) = -m**3 + 0*m**2 + 1 + 3*m**2 + 2*m**2. Suppose 0*g = -5*g + 25. Give f(g).
1
Let h(b) = b**3 + 4*b**2 - 4. Let o be h(-3). Suppose -p = 5*q - 17, 0 = 4*p - o*q + 5 + 2. Let k(l) = -l - 2*l + l - 3 + l**p. Give k(-2).
5
Let f(r) be the first derivative of r**4/4 - 2*r**3/3 + r**2/2 - 1. Suppose -4*m - 10 = -5*m. Suppose -5*j + m = -0*j. What is f(j)?
2
Suppose -n + 4*n = 12. Suppose -n*q + 2*q + 2 = 0. Let c(s) = 3*s + s + s + 1. Calculate c(q).
6
Let m(r) = -r**3 + 5*r**2 - 4*r + 2. Let o(p) be the first derivative of -p**4/4 + p**2 - 2. Let d be o(-2). What is m(d)?
2
Let m(z) = -z**3 + 5*z**2 + 8*z + 7. Suppose -3*y + 0*y = 6. Let f(l) = 5*l**3 - 19*l**2 - 33*l - 28. Let t(q) = y*f(q) - 9*m(q). Determine t(-6).
-7
Let p be -14 + 3 + 2 + 0. Let t(m) = 5*m**3 + 2*m**2 + 8*m - 9. Let j(b) = -11*b**3 - 3*b**2 - 17*b + 19. Let l(d) = p*t(d) - 4*j(d). Calculate l(-5).
0
Let t be ((-10)/15)/(1/3). Let a be t - -3*6/3. Let u be a/22 + 92/(-22). Let x(o) = 3*o + 4. What is x(u)?
-8
Let a(f) = 3 + 1 - 2 - 3*f - 3*f. Give a(2).
-10
Suppose -m + 0*m + 2 = -b, 2 = -2*m - b. Let r be (m - 3)*(-4)/3. Let k(w) = -1. Let c(j) = j**2 - 3*j - 9. Let t(f) = c(f) - 4*k(f). Determine t(r).
-1
Let a be 19/5 + 3/15. Let n(m) = -m**3 - 6*m**2 + 4*m - 3. Let t(p) = -2*p**3 - 7*p**2 + 5*p - 2. Let q(r) = -3*n(r) + 2*t(r). Calculate q(a).
-3
Let k(r) = -r + 6. Suppose -3*y - j = 3*j, 4*y + 5*j = 0. Calculate k(y).
6
Let z(k) be the third derivative of k**4/24 - 5*k**3/6 + 21*k**2. Determine z(6).
1
Let y(l) = l**2 + 9*l + 4. Let n be y(-8). Let a(h) = h**2 + 4*h + 6. Give a(n).
6
Suppose 3*i + 4*p + 3 = 10, 4*p = 2*i + 22. Let a(t) be the third derivative of -t**6/120 - t**5/20 - t**4/12 + 2*t**3/3 - t**2. Determine a(i).
10
Let w(y) = y - 1. Let p(b) = 6*b - 6. Let j(q) = -p(q) + 5*w(q). What is j(2)?
-1
Let x(r) = -2*r**3 - 4*r**2 + 8*r + 6. Let k(h) = 3*h**3 + 9*h**2 - 15*h - 12. Let n(u) = 3*k(u) + 5*x(u). Calculate n(6).
0
Let g(d) be the third derivative of 0*d - d**2 - 1/12*d**4 + 0 + 1/6*d**3. What is g(-1)?
3
Let l(r) = -r**3 + 2*r**2 - 2*r + 1. Suppose 4*g = -2*p + 20, 4*p + 3*g + 2 = 22. Give l(p).
-3
Let t be (9/(-3) + 0)*8/(-6). Let v(a) = -3*a + 5. Determine v(t).
-7
Let c(t) be the second derivative of -t**5/20 + 5*t**4/12 - t**3/6 - 3*t**2 - 3*t. Suppose 4*f - 3*f - 5 = 0. Determine c(f).
-11
Let b(i) = i**2 - 1. Let y(v) = -5*v**2 + 5*v + 1. Let u(t) = 3*b(t) + y(t). Give u(3).
-5
Let s be (-14)/((-42)/(-9))*1*-1. Let r(m) be the second derivative of 0 - 2*m - 1/6*m**s + m**2. Determine r(-3).
5
Let k(q) be the second derivative of -q**5/4 - q**4/12 + 19*q. Let m be (-3)/6 - (-3)/2. What is k(m)?
-6
Let u(c) = 3*c**2 - c + 1. Let q(s) = 4*s**2 - 2*s + 1. Let j(y) = -4*q(y) + 5*u(y). Calculate j(-2).
-9
Let h(q) be the first derivative of -q**6/360 + q**5/24 - q**4/8 + 5*q**3/3 + 2. Let j(c) be the third derivative of h(c). Determine j(2).
3
Let z = 7 + -4. Suppose -g - r = 1, -z*g + 4*g - 4*r = 14. Let i(q) = 0*q + g*q + 1 - 4*q + q**2 + 2*q**2. What is i(1)?
2
Let k(f) = 4*f**3 + f - 1. Let m be 36/28 - (-4)/(-14). Give k(m).
4
Let l(w) be the second derivative of -w**5/20 + 2*w**4/3 - w**3/6 + 3*w**2 + 12*w. What is l(8)?
-2
Let k(f) be the first derivative of f**2/2 - 9*f + 5. Give k(7).
-2
Let g(w) = -w - 2. Let l be (1 - 0)*(2 + 4). Suppose -l*u = -2*u. Determine g(u).
-2
Let k = -4 + -1. Let t(q) = -11*q**3 + 5*q**2 + 2*q - 1. Let m(x) = -13*x**3 + 5*x**2 + 2*x - 2. Let l(p) = 6*m(p) - 7*t(p). Determine l(k).
5
Let f(c) = 4 - 7*c - 7*c + c**2 + 7*c. Let p = 43 + -31. Suppose -2*u + 7 = -u - a, -4*a + p = 4*u. What is f(u)?
-6
Suppose -2*t - 1 = -9. Suppose 3*y - t*k = 12, 3*y = y - 5*k + 8. Let p(l) be the first derivative of -l**3/3 + 2*l**2 - 36. Calculate p(y).
0
Suppose -4*j = 3*q + 3 + 52, 5*j + 95 = 5*q. Let u = 11 + j. Let l(k) = -k + 2. Determine l(u).
7
Let j(k) = k**3 - 4*k**2 - 3*k - 4. Let x = -24 + 29. Calculate j(x).
6
Suppose -n + 10 = 4*n. Suppose -11 = -4*x + 3*j, 0*j + 4*j + 22 = -n*x. Let d(c) = 7*c - 1. Determine d(x).
-8
Let d(f) = -f**3 - 4*f**2 + 3*f - 1. Suppose -r + 15 = -5*y - 6, 2*y - 3*r = 2. What is d(y)?
9
Suppose 0 = -k - 5*z + 6, -3*k = -k + 3*z - 12. Let f(x) = -x**2 + 5*x - 1. Calculate f(k).
-7
Let q(w) be the first derivative of 7/3*w**3 + 7/2*w**2 + 1/4*w**4 + 8*w + 4. Let n be 5*(2 + 48/(-15)). Give q(n).
2
Let n(f) = f**3 + f - 2. Let v(i) = 2*i**3 + 0*i**3 - i**3 - 3*i**2. Let s be v(3). Determine n(s).
-2
Let x(g) = -2*g - 1. Suppose 0 = 2*a + a - 54. Let b be (-2)/(-12) - 39/a. Determine x(b).
3
Let g = -13 - -19. Let q(k) = -k**2 + 7*k - 4. Determine q(g).
2
Let d(a) = a**2 - a**3 - 15 + 0*a**3 + 9. Suppose -2*r = -2*s - 4, -8 = -3*s - 2*r - 2*r. Give d(s).
-6
Let m(y) be the third derivative of y**4/24 + 2*y**3/3 + 15*y**2. Give m(0).
4
Suppose 5*z - 3*x - 21 = -0*z, -2*z + 5*x - 3 = 0. Let b(s) = -s**3 + 5*s**2 + 4*s + 6. Determine b(z).
-6
Let q be 2 + (-1)/(3/18). Let p(f) = f**2 + 4*f + 4. What is p(q)?
4
Let f be -1 + -3 + (8 - 5). Let z(u) = 4*u**3 - 2*u**2 + 1. Determine z(f).
-5
Let p(t) be the second derivative of t**4/12 - 5*t**3/6 - 16*t. Suppose o = 3*j + 18, 0 = -4*o - 3*j + 10 + 2. Give p(o).
6
Let z(t) = t**3 - 7*t**2 + 5*t - 7. Let u be 1586/65 - (-2)/(-5). Let b = u - 18. Give z(b).
-13
Let g(f) = 11*f - 21*f - 3 + 12*f. What is g(4)?
5
Let n(t) be the third derivative of t**4/24 - 2*t**3/3 + 30*t**2. Determine n(7).
3
Let a(o) = 5*o**2 - 2*o + 3. Let f(x) = -14*x**2 + 5*x - 8. Let t(r) = -11*a(r) - 4*f(r). Determine t(-3).
2
Let t(c) be the third derivative of c**7/5040 + c**6/360 + c**5/15 + 4*c**2. Let w(q) be the third derivative of t(q). Calculate w(3).
5
Let q be ((-8)/(-2))/4 + 8. Let p(a) = -a**3 + 8*a**2 + 9*a. What is p(q)?
0
Let f be (-2)/(-3) - 10/(-3). Let j = f + -9. Let p(a) be the third derivative of a**5/60 + 7*a**4/24 + 5*a**3/6 + 5*a**2. Determine p(j).
-5
Let s(g) be the third derivative of -g**5/60 - g**4/24 - 2*g**3 + 24*g**2. What is s(0)?
-12
Let q(z) = -5*z - z**2 - 8*z**2 + z**3 + 7*z**2 + 7*z**2 + 3. Suppose 12 = -0*x - 2*x. Calculate q(x).
-3
Let c(s) be the second derivative of 4*s**3/3 + s**2/2 - 5*s. Calculate c(1).
9
Let i(m) be the third derivative of -m**4/12 + 11*m**2. Determine i(5).
-10
Suppose -20 = 9*d - 4*d. Suppose 2*s = -s. Let o(g) = 2*g + s*g**2 + g**2 + 0*g**2. What is o(d)?
8
Let n(j) = -j**2 + 5*j + 5. Let a(c) = -2*c + 17. Let w be a(6). Determine n(w).
5
Let b(n) = n + 9. Suppose 